(-6 - -46 - 99)?
13
Evaluate -51 + (51 - 57) - -20.
-37
What is the value of 44 - 1 - (23 - (-33 - -58) - -15)?
30
What is the value of -69 - ((87 - 15) + -187)?
46
(231 - 165) + (7 - (24 - (15 + -5)))
59
(41 - 2) + (-152 - (-176 - -6))
57
(111 - 83) + -22 - 67
-61
Calculate (22 - 15) + -25 - -34 - (29 - -1).
-14
What is the value of (-12 - (-13 - -2)) + (32 - 81)?
-50
-24 + 24 - 23 - (6 - 98)
69
Calculate -65 - -151 - -37 - 59.
64
Calculate (34 - 0 - (-7 + -52 - -76)) + 5.
22
-58 - (-59 + -17 + 62)
-44
Calculate 21 + -1 + (-3 - (1 + 29)).
-13
What is (5 + 7 - 22) + (43 - -6) + 0?
39
What is 3 - -1 - ((24 - 14) + 6 - -56 - 5)?
-63
Evaluate (-5 - (-1 - 1)) + 15 + -6.
6
What is the value of 24 - 44 - (-7 + 10 - 2)?
-21
Calculate -32 + (-9 - 2) + (233 - 223).
-33
What is the value of 602 - 604 - (-17 + (2 - (1 - 2)))?
12
What is 5 - 17 - (-14 - (-12 + 47))?
37
35 - (-14 - (-17 + 23 - 8) - (-11 + 1))
37
What is (1 - (192 - 90)) + -15?
-116
Evaluate -9 + 4 + 4 + 35 + -152 + 159.
41
79 + -41 - (166 + -92)
-36
2 + (0 - -48) + 49 + -41 + -9
49
Calculate -20 + 3 - (839 - 833).
-23
Evaluate (14 + 3 - 38) + 17 + (-1 - 5).
-10
Evaluate 15 + (1 + -5 - -7) + (-76 - -74).
16
-4 + 8 - ((114 - 68) + -25)
-17
-1 + 81 - ((-93 - 104) + 208)
69
Calculate 85 - (13 + (131 - 26)).
-33
What is (82 - -2) + -11 + (-3 - 0) + -24 + 16?
62
71 + (26 - 47) - (4 + -7 + 4)
49
Calculate -1025 + 991 + -1 + 1 + 8.
-26
Calculate 1735 + -1720 - (-4 - 15).
34
Evaluate (10 - 31) + (-12 - (-6 + -9)).
-18
Evaluate 2 + 100 + (9 - -15) + 8 + -24 + -7.
103
What is the value of -59 + (3 - -8) + (-16 - -1) + 3?
-60
What is the value of 0 - -37 - (8 - (1 - (1 - -2 - 0)))?
27
What is -29 - (-81 + 111) - -160?
101
What is (-25 + 17 - 9) + (-10 - (-18 + 10))?
-19
What is the value of 14 + -16 + (-10 - -8) + 15 + -17 - 68?
-74
What is the value of 0 + 2 + 2 - (-1337 - -1318)?
23
Calculate 26 + (92 - 70) + -35.
13
Calculate -75 + 4 - (36 + -45 + 0).
-62
Evaluate (-2 - -33) + -111 + (-24 - -5) - -12.
-87
Evaluate (-3 - -2 - -1 - -8) + (101 - 68).
41
What is the value of 13 + -2 + 2 + (65 - (-24 + 30 + 52))?
20
Evaluate 6 + (11 + -10 - (-2 - 4)) + -32.
-19
Calculate 26 - (-15 - (-41 - (-9 - 10))).
19
Evaluate (-3 + -89 - -72) + -17.
-37
Evaluate -23 + 1 - (-458 + 423) - (1 - -17).
-5
Evaluate -333 + (100 - 3) + 112.
-124
Evaluate (18 - (-18 - (24 - 63))) + 42.
39
-82 + (63 - -59) - 125
-85
Calculate 1 - (-17 + -19 + 25 + 22) - 76.
-86
Evaluate 26 + 33 + (44 - 97) + 106.
112
What is the value of -14 - (-9 + -5 - (172 - 157))?
15
What is 60 + (-39 - 183) + 92?
-70
7 - ((68 - 35 - 16) + (-1 - -9))
-18
(-21 - (10 - 23)) + (-46 - -29)
-25
-25 - 1 - (10 - 27 - -16) - (1 + 0)
-26
18 + 23 + 9 + -25 + -68
-43
What is the value of -84 - ((1 - (-1 - 4)) + (207 - 392 - -182))?
-87
Calculate (-34 - -128 - 19) + -13.
62
Evaluate 52 - (-64 - (-31 + -33)).
52
-5 + 9 - ((-76 - -209) + -79)
-50
8 + (-8 - -3 - (-13 + 8 - 6))
14
What is the value of (-18 - (-16 + (-1 - -11))) + (-6 - (1 - 23))?
4
Calculate 24 + (20 - (-50 + 48)).
46
Evaluate (-150 - -200) + -7 + (8 - (3 - 0)).
48
Calculate (-114179 - -114191) + (0 - 138 - (-2 - -2)).
-126
-1 + 7 + (-135 - -4) + (161 - 141) - -13
-92
1 + -6 + (-23 + -1 - -32) + 11
14
-78 - (-54 + (47 + -74 - -33))
-30
What is the value of 30 + (31 - (62 + -31 - 16)) + -1 + 6?
51
What is the value of 24 + -20 + -13 + -5 + 30?
16
What is the value of -6 + -27 + 53 + -3 - 76?
-59
Calculate (5 - ((185 - 171) + -1 + -8)) + -18.
-18
-43 - -43 - (12 - 5) - -12 - 8
-3
What is the value of 0 + -9 - ((-1 - 16) + (77 - 52))?
-17
Calculate -41 - (-18 + (25 - (9 - -5))) - -10.
-24
What is 777 + -787 + -5 + 1 + 3?
-11
What is the value of 29 + 11 + -27 - 0 - (21 - -2)?
-10
Calculate (49 - (-17 + 25 - (3 - -5))) + -17.
32
Evaluate 74 + 1 - (34 - (-47 + 94)) - (13 + -1).
76
What is (443 - 325) + 17 + -187?
-52
What is 94 + -7 + -22 + 5 + 51 + -15?
106
What is -10 + -7 + (-9 - (11 + -12) - 5)?
-30
What is the value of -1 + 29 + (37 + -49 - (6 + -9))?
19
What is the value of (18 - (-9 + (2 - (1 - 4)))) + 3?
25
(709 - 652) + 1 + -64
-6
What is -82 + 20 + 132 + -111?
-41
What is the value of (-1400 - -1447) + (1 - -2 - -1) - -11?
62
Calculate 69 + -46 - ((5 - 15) + 7).
26
What is -95 + (180 - 66) - (38 + -1)?
-18
Calculate 6 - ((3 + -3 - 10) + 22 - 4).
-2
Calculate 4 + -4 + 64 + -1830 + 1833.
67
Calculate 38 + (-1 - -1) + (-24220 - -24170).
-12
Calculate -130 + (-137 - -24 - -125).
-118
Calculate -39 + -28 + (6 - (-6 - 2)).
-53
Calculate (-60 - -130) + -30 - 33.
7
What is -13 + -41 - (-100 - -83)?
-37
What is the value of (0 - -25 - 27 - (2 + -7)) + (8 - 1)?
10
Calculate 41 + (38 + -36 - -4).
47
What is the value of 67 + 6 + (-5 + 4 - (11 + -1 + -14))?
76
What is 4 + -23 + 14 + (5 - (17 - 10))?
-7
Evaluate 13 - (-39 + (52 - 18 - 20) - -19).
19
What is -1 + 20 - -46 - (74 - 64)?
55
Calculate -20 + -10 + 54 + -19 + -80.
-75
What is 0 - 48 - (5708 - 5727)?
-29
0 + -12 - (63 + 2 + -7 - (-16 - 1))
-87
What is the value of -3 - ((80 - 43) + -117 - 23)?
100
What is the value of -17 - (-58 + 29 - 22) - 157?
-123
What is the value of -23 + (15 + -13 + 18 - 47)?
-50
-29894 + 29828 + (82 - 0)
16
Calculate -3 + (6 - 2 - -122) - (-6 - (1 + 6)).
136
Evaluate (21 - 23) + 124 + -67.
55
-355 + 377 + (-6 - -7)
23
Calculate -13 + -11 + 53 - -33 - 2.
60
What is -11 - (-9 + -19 + 6 + 19)?
-8
What is 48 + -32 + (4 - 28) - 50?
-58
Evaluate -49 + 2 + (-13 - (-41 + 23)) + (-4 - -10).
-36
What is the value of -51 + 42 + -6 + -51?
-66
Calculate (-5 - 60) + 78 - (3 - -1).
9
-19 + 9 - (7 + (3 - -9) - -6)
-35
Evaluate (10 - 6) + 13 - (106 - 45).
-44
Evaluate 26 + (11 - -7) - (14 + 0).
30
-4 - (-42 + 34 - 7)
11
Evaluate (1941 - 1922) + -12 + (0 + 1 - (-1 - 1)).
10
What is 44 + (2 - (35 - -8)) + 24?
27
73 - (-56 + 8 + 51)
70
Evaluate -6 + 22 + (0 - (-3 + 8 - 21)).
32
(10 - (-14 + (-10 - -38))) + (-1 + 9 - -6)
10
Evaluate -8 + -37 - (2 + -36 - -24).
-35
Evaluate 77 + -162 + -16 + -18.
-119
Evaluate 12 - (-3 - (26 - (-13 + -10 + 27))).
37
What is (45 - (146 - -23)) + 32?
-92
What is the value of 1 - (8 + (-1 - 6) + 2) - -51?
49
Calculate (3 - -4 - 38 - -30) + -6 + 3 + 10.
6
Evaluate -57 - (-33 + -3 + -3).
-18
Evaluate -2 + -1 + (-18 + 12 - -10) - (78 + -7).
-70
What is the value of (2 - (12 + 0 + 0)) + (-45 - (21 + -19))?
-57
Calculate (-6 - -3 - -8) + 10 + (195 - 160).
50
29 + -5 + -15 + (4 - -1)
14
What is the value of -1 - 29 - (-18 + 164 + -171)?
-5
What is 1 + -150 + (-3057 - -3117)?
-89
Calculate -49 + -15 + 30 + -28.
-62
What is the value of (-5 - -10 - 11) + (56 + -28 - -13)?
35
(4 - ((5 - 1) + -15)) + -3404 + 3394
5
Calculate 6 + 14 + (-90 - -39).
-31
Evaluate 3 - -1 - (38 - -6 - 1) - (-16 - -9).
-32
Evaluate -10 + (-48 + 21 - -13).
-24
Calculate -10 - (104 - (9 + 47)).
-58
Evaluate 5 + (1 - -2) + -125 + 92 - (-1 - 1).
-23
Evaluate 10 + (-5 - 1) + (-47 + 36 - (6 + 0)).
-13
Evaluate -3 + 0 + -4 + (-17 - 11) + 39.
4
What is the value of 10 - ((-41 + 1 - 4) + -276 + 278)?
52
Evaluate (-19 - 5 - (150 + -222)) + 21.
69
What is the value of -16 + (65 - (-17 + -1)) + (-3 + 4 - 7)?
61
What is the value of -46 + (0 - 14) + 21 + -20 - -12?
-47
-141 + (-35 - 63 - -321)
82
What is the value of -4 - ((27 - 27) + (-4 + 2 - -17))?
-19
-11 + 123 + -51 - 17
44
-75 - -5 - (15 - (-14 - (1 - 34)))
-66
-119 + 54 + 48 + 9
-8
7 + -53 + 27 + -8
-27
What is -11238 + 11233 - (0 - 0 - 48 - (-2 + 2))?
43
Evaluate -17 + -5 + 1 + 3 + -55.
-73
What is 26 + -42 + 2 + 8 - (3 + -25)?
16
What is -15 + (-31 + 2 - (-19 + 15) - -4)?
-36
Evaluate -121 + (21 - 3) + (3 - ((-20 - -14) + 24)).
-118
Evaluate 111 + (-173 - 54) - -33.
-83
What is (18 - 11) + 37 + (-11 - 26)?
7
Calculate (2 - -6) + (-144 - -123) - -21.
8
3 + -13 + 2 - (-16 - 1)
9
Calculate -10 + (515 + -533 - (2 + -1 + -4)).
-25
0 + 12 - (-57 + 56 - -9 - (12 + 1))
17
Calculate -1306 + 1345 - (47 - -2) - (0 + -9).
-1
Calculate (1 - -64) + -2 + 5 - (834 - 836) - -4.
74
Evaluate -8 - (-3 + -36 + -75 - -40).
66
57 - (19 + -1 + 149 + -165)
55
Calculate 2 + -139 - ((1 - -3) + (47 - (3 + 52))).
-133
What is the value of -16 - 2 - (-793 + 676)?
99
What is 112 - 110 - 35 - 62?
-95
Calculate 23 + 36 + -41 + 13 - 91.
-60
Calculate 21 - (31 + (-12 - 4) + 1) - 56.
-51
What is 10 + (5 - (-146 + 143 - (1 + -8)))?
11
Wh